 + 10*u + 25. Let s be g(-5). Let b be (-836)/(-10) - s/125. Suppose -5*j = -b - 32. What is the tens digit of j?
2
Let v(r) = r**3 + 67*r**2 - 16*r - 408. What is the ten thousands digit of v(-64)?
1
Let w = 1089 + -163. Let l = -596 + w. What is the units digit of l?
0
Suppose 8*a - 21*a + 23556 = 0. Suppose 0 = -11*f + 7*f + a. What is the units digit of f?
3
What is the tens digit of (1296/72)/((-6)/(-2066))?
9
Suppose -o - 2*b - 639 = -88, -b = -2*o - 1092. Let q = o + 1159. What is the units digit of q?
2
Let j = 75274 + -43626. What is the thousands digit of j?
1
Let t = 63 - 62. Suppose -14 = v - t. Let j(z) = -z**2 - 22*z + 14. What is the hundreds digit of j(v)?
1
Let h(z) = 4*z**2 - 5*z - 461. Let a be h(38). Let b = a + -3039. What is the tens digit of b?
8
Suppose 4*o = -0*o + 28. Let a(i) = -371*i + 198*i - 7 + 170*i + 0*i**2 + i**2. What is the tens digit of a(o)?
2
Suppose -2*o = -i - 4*o - 9, o = 2*i + 43. Let p = i + 43. What is the units digit of ((-18)/p)/((-1)/48)?
6
Let l(d) = -d**2 - 14*d + 24. Let g be l(10). What is the hundreds digit of (-162)/g - (-12066)/8?
5
Suppose 23 = 5*x - 27. Let p be (1 + 56)*x/6. Suppose 0 = 3*z + 4*j - p, 23 = z - 5*j - 15. What is the units digit of z?
3
Let o = 15729 + -6168. What is the units digit of o?
1
Let z = -66 + 66. Let y be z*-1*(-4)/(-8). Suppose -618 = -6*j - y*j. What is the tens digit of j?
0
Let p(l) = 4*l**2 + 18*l + 16. Let q be p(-4). Suppose -q*c - 5*c = -4407. What is the hundreds digit of c?
3
Let z = 127 - 117. Suppose z*t = -t + 990. What is the units digit of t?
0
Suppose -8 = -2*j, 4*i + i - 2*j = -18. What is the tens digit of (-54832)/(-322) - ((-12)/7 - i)?
7
Let o(h) = h**2 - 11*h + 5. Let z = 28 - 17. Let w be o(z). What is the tens digit of (412/w - 0) + (-4)/10?
8
Suppose 5*w = 4*a + 51660, a + 6348 = -w + 16671. What is the thousands digit of w?
0
Let d(n) = 980*n - 2 - 8 - 936*n. What is the tens digit of d(4)?
6
Let i = 1091 + -666. Let o = i - 365. What is the tens digit of o?
6
Suppose -136113 = -40*r + 126367. What is the thousands digit of r?
6
Let m = -141 - -139. What is the units digit of -115*m*2/4?
5
Suppose 0 = 10*p + 2622 - 8782. Let f = p + -302. What is the tens digit of f?
1
Let k be 2/14 - 400/(-140). Let u = 69 - -3. Suppose -k*f + u = -f. What is the units digit of f?
6
Suppose 0 = 4*o - 29*a + 24*a + 215, 2*a + 112 = -2*o. What is the tens digit of 19568/40 - (-11)/o?
8
Suppose b + 14 = -4*z + 4, 4*b = 2*z - 58. What is the tens digit of 1547 - (-49)/14*4/b?
4
Let h(j) = -3306*j + 196. What is the ten thousands digit of h(-3)?
1
Suppose -2*a + 5*g - 1 = 10, -2 = 5*a - 4*g. Suppose -6 = -a*z - 0*z. Suppose 5*o - 845 = z*c - 4*c, 0 = -2*o - 2*c + 330. What is the hundreds digit of o?
1
Suppose 5*a - 142 = -w, 2*a + a - 90 = w. Suppose 0 = a*z - 31*z + 74. What is the units digit of z?
7
Suppose -25*y - 27*y + 50974 = -41*y. What is the units digit of y?
4
Let m = 320 - 301. Suppose -347 - m = -2*f. What is the units digit of f?
3
Let o be 4 - 6 - -38 - (4 - 2). Suppose o*q = 27*q + 189. What is the units digit of q?
7
Let l(a) = a**3 - 2*a**2 + 3*a + 5. Let n(t) = -t + 1. Let f(w) = -w**2 + 9*w - 2. Let r(z) = f(z) + 6*n(z). Let q be r(3). What is the units digit of l(q)?
9
Let l = -297 + 304. What is the units digit of 4/l - (-12177)/189 - -1?
6
Let w(s) = 120*s - 178. Let l(r) = -6*r. Let o(c) = -12*l(c) + w(c). What is the tens digit of o(5)?
8
Let b = 33148 + -11139. What is the units digit of b?
9
Suppose -q - 3*l + 20 = 0, 0 = -3*q - 4*l + 21 + 14. Suppose -q*a + 2887 = -3*w, -11*a = -16*a - 4*w + 2894. What is the tens digit of a?
7
Suppose -433*i + 3529 = -432*i. What is the units digit of i?
9
Let p be 2/(-60)*-4*-6*-590. Let c = p + -10. What is the hundreds digit of c?
4
Suppose -7*d - 686 = -714. Let p(y) be the second derivative of y**4/12 - 2*y**3/3 + y**2 + y. What is the units digit of p(d)?
2
Suppose -x - 2*k - 358 = -8136, -5*k = 4*x - 31097. What is the hundreds digit of x?
7
Suppose -52*r + 59807 = -234045. What is the thousands digit of r?
5
Let j = -168 - -163. What is the tens digit of -5 - j - -117*(-5 - -10)?
8
Let n(d) = d**2 - 12*d - 104. Let g(m) = m - 13. Let s be g(7). What is the units digit of n(s)?
4
Suppose -1007 - 1947 = -14*z. Let w = 7 + z. What is the tens digit of w?
1
Let k(m) = -m**3 + 10*m**2 - 10*m + 27. Let p be k(8). Let n(s) = -20*s**3 + 2*s**2 + s. Let a be n(-1). Suppose -a = 6*o - p. What is the units digit of o?
9
Suppose 7*w - 11*w - 4*d = -7648, d + 7628 = 4*w. Suppose -1255 = -2*i + 5*b, i - b = 4*i - w. What is the hundreds digit of i?
6
Let a = -32 + 35. Suppose 5*y = -2*r - 0*r + 30, -a*y - 13 = -5*r. Suppose 4*u + o - 188 = 5*o, -5*o + 265 = r*u. What is the tens digit of u?
5
Let s(x) = x**2 + x - 2. Let g(y) = -2*y**2 + 1. Let c(z) = -3*g(z) - 2*s(z). Let l(w) = -5*w + 233. Let k be l(45). What is the tens digit of c(k)?
4
Let g = -22 + 61. Let j be 6/g + (-74)/(-26). Suppose -j*d + 163 + 193 = -5*a, 0 = d + a - 116. What is the hundreds digit of d?
1
Let t(m) = -m**3 - m**2 + 21. Suppose -30 = -5*a - 60. Let w(q) = -q**3 - 5*q**2 + 7*q + 6. Let b be w(a). What is the units digit of t(b)?
1
Let p be 99412/(-34) - (-4)/(-34). What is the tens digit of (2 - 1)/((20/p)/(-5))?
3
Let r = 13772 + -2390. What is the tens digit of (69/4)/(6 - r/1904)?
8
Let k be 2*((-45)/36 - 6/8). What is the hundreds digit of (2920/(-16))/(2/k)?
3
Suppose -3*z + 113 = z + 3*u, 2*z - 62 = 4*u. Suppose -p + 4*i - 2 = 0, 5*p + i = 2*i - z. What is the hundreds digit of 21*(p/9)/((-21)/216)?
1
Let l(x) = -15*x**3 - 9*x**2 - 3*x + 57. What is the hundreds digit of l(-8)?
1
Suppose 19 = n + k - 6*k, 14 = 2*n - 2*k. Let z be (2 - 103)/((-3)/3). Suppose z = p - n. What is the hundreds digit of p?
1
Let r(o) = 19*o**2 + 27*o + 7. Let j(n) = n**2 - 29*n - 35. Let m be j(30). What is the hundreds digit of r(m)?
3
Let d = 2264 + -1292. What is the units digit of d?
2
Let c(u) = -2*u**2 - 18*u + 13. Let r be c(17). Let x = r - -1376. What is the units digit of x?
5
Let t(a) = a**3 - 11*a**2 + 14*a + 15. Let f(g) = -2*g**3 + 10*g**2 - 15*g - 15. Let l(q) = 2*f(q) + 3*t(q). What is the hundreds digit of l(-15)?
2
Suppose 0 = v - 5, 5*z + 2*v = -3*v + 10. Let a(p) = -2*p**3 - 9*p**2 + 5*p - 2. Let b be a(6). What is the tens digit of b/(-21) + (-1)/z?
3
Suppose 8*j - 89 - 39 = 0. Let c(t) = -t**2 + 34*t - 3. What is the tens digit of c(j)?
8
Suppose -3*u = -2*j + 68, -j - 3*u + 34 = u. Suppose 35*c - 848 = j*c. What is the tens digit of c?
4
Suppose 3*n + 40 = 4*i, 2*n = 6*n + 16. Let y = 0 - i. What is the tens digit of y/((-63)/372)*3?
2
Let v(j) = j**3 + 8*j**2 + j + 10925. What is the thousands digit of v(0)?
0
Let p(d) = 2*d**3 + 6*d**2 - 2*d + 32. Let a be (0 - 4)*3/(-12) + 4. What is the units digit of p(a)?
2
Let r(a) = -884*a - 2138. What is the hundreds digit of r(-7)?
0
Suppose 21*k - 2466001 = -56*k + 328021. What is the ten thousands digit of k?
3
Suppose 5*f = 4*h - 21, 4*h - 3 = -3*f + 10. Suppose t = -0*d + 4*d - 32, h*t = 3*d - 141. Let a = 49 + t. What is the tens digit of a?
1
Suppose 40 = -9*h + 67. What is the tens digit of 158/((-17)/(-7) - h/7)?
7
Let f = -4052 - -12384. What is the tens digit of f?
3
Let l = -555 - -6051. Suppose -6*b = 6*b - l. What is the tens digit of b?
5
Suppose 17*u = 5*i + 16*u - 60921, u - 48735 = -4*i. What is the thousands digit of i?
2
Let k = 16 - 14. Suppose -w + 822 = k*w. Let u = w + -184. What is the units digit of u?
0
What is the tens digit of ((-15486)/(-145))/(3/120)?
7
Suppose 5*q - 2*l = -1836, -4*q + 1083 = -7*q - 5*l. Let j be q/9*3/(-2). Suppose w + 5*m - j = 0, 5*w - 5*m - 75 = 170. What is the units digit of w?
1
Let p be 0 + -1 + 1 + 3. Suppose q + 16588 = 16693. Suppose -p*k + 246 = q. What is the tens digit of k?
4
Suppose -2*u + 42 = 108. Let z = -27 - u. What is the units digit of -1*(2/z)/((-10)/2130)?
1
Suppose -10*x = -87*x + 2974510. What is the thousands digit of x?
8
Suppose -s = -t + 42014, 5*t + 4*s = -16169 + 226293. What is the hundreds digit of t?
0
Let t(k) = -4*k + 40. Let a be t(6). Suppose a*g = 5668 + 5532. What is the hundreds digit of g?
7
Let q(v) = 149*v**2 + 840*v + 31. What is the ten thousands digit of q(-13)?
1
Let u b